 3*z = -z + h. Calculate g(z).
-15
Let d(s) = -2*s - 8. Suppose -4*t = 2*f + 2, -3 = -0*t - 2*t - 5*f. Let m be (-14 + t)*1/(-3). Suppose -h + 28 = -m*h. Determine d(h).
6
Suppose -218*v + 80 = -210*v. Let k(t) = -2*t**2 + 19*t + 10. Calculate k(v).
0
Let u = 157 + -154. Let m(o) = -3*o + 2*o - 3 + 2*o. Give m(u).
0
Let c(v) = -v**3 - 25*v**2 - 22*v + 44. Let y be c(-24). Let d(b) = -b**2 + 3. Let r be d(0). Let a(q) = 7 + 0 + q - r. Give a(y).
0
Let n(p) = 3*p**3 + p**2 + 2*p - 3. Let h(c) = -c**2 - 7*c + 3. Let b be h(0). Suppose -b*u - 4*o + 14 = 0, 0 = -0*u - 2*u + o + 2. What is n(u)?
29
Let z = 26 + -16. Let g(v) = -3 + v**3 + 5*v + 7*v**2 - v**2 + z. Let f = -984 - -979. Calculate g(f).
7
Suppose -3*u = u. Suppose -4*d = -u*d - 48. Let r be (40/d)/((-4)/6). Let o(p) = -2*p - 6. Calculate o(r).
4
Let m(a) = -a**3 + 4*a**2 - 2*a + 2. Suppose -12*c + 18 = -30. Determine m(c).
-6
Let m(l) be the second derivative of -2/3*l**3 + 3/2*l**2 + 1/20*l**5 + 0 - 1/6*l**4 + 11*l. Determine m(3).
0
Let p(n) = -2*n + 4. Let z be p(0). Let h(y) = 3*y**2 + z*y - 2*y**2 - 10*y + 2. Calculate h(6).
2
Let o = 8 + -10. Let p(d) be the third derivative of -d**4/12 - d**3/3 - 6*d**2. Calculate p(o).
2
Let w(h) = -h - 7. Let q be w(-10). Suppose -q*k = k - 116. Suppose 4*l - 3*b + k = 0, b + 2 = -4*l - 15. Let i(m) = m**2 + 7*m + 7. What is i(l)?
-3
Let q(c) be the third derivative of -1 - 1/60*c**5 + 1/24*c**4 - 1/3*c**3 + 0*c - 23*c**2. Determine q(0).
-2
Let w(u) = 5*u + 8. Let m(t) = 4*t + 5. Let l(f) = 3*m(f) - 2*w(f). Calculate l(4).
7
Suppose 0 = -4*z - 3*t + 3, 0 = 3*z - 4*t + 4. Let v(g) = g**2 + 34. Determine v(z).
34
Let p(x) = 5*x + 5. Let d be (-1)/(((-2)/16)/(2/(-8))). Give p(d).
-5
Let o(s) = -s**2 + 6*s + 6. Let x(r) = -r**3 + 2*r**2 + 6*r - 6. Let u be x(2). Calculate o(u).
6
Let x(k) = -k**2 - 9*k + 2. Suppose 0 = 2*m - 4*m. Let i be (-38)/5 + m - 2/5. Calculate x(i).
10
Let v(d) = -d**2 - 11*d - 13. Let w be v(-8). Let m(s) = 3*s - 5*s - w*s**3 - 4*s**3 + 1. Determine m(1).
-16
Let f(h) = 3*h + 9. Suppose 2*p = 2*o + 4, 4*o - 3 - 3 = 2*p. Calculate f(p).
30
Let t = -70 - -70. Let q(p) = -p**2 + p + 7. What is q(t)?
7
Suppose 0 = 5*q - g - 232, -2*q + 38 = -2*g - 50. Suppose -3*a + 34 = -q. Let n(v) = -4 - v - 26*v**2 + a*v**2 + 2*v. Give n(0).
-4
Let a(v) = v**3 + 5*v**2 + 4*v - 5. Let d(s) = -3*s**2 - 4*s + 3. Let i be d(1). What is a(i)?
-5
Let y(c) be the third derivative of -c**4/24 + c**3/3 - 4*c**2. Let b be 250/(-75)*9/(-5). Determine y(b).
-4
Let f(l) be the first derivative of l**2/2 - 6*l - 2. Let o(m) = -4*m**2 + 8*m + 9*m**2 - 3 - 4 + m**2. Let n be o(1). What is f(n)?
1
Let m = -59 - -77. Suppose 2*u + 8 = m. Let y(x) be the second derivative of x**5/20 - x**4/3 - x**3 + x**2/2 - x. What is y(u)?
-4
Let p(s) = -s**2 - 4*s - 2. Let a = -1312 - -1310. Determine p(a).
2
Let o(w) = 2*w - 9. Suppose 2*b - 6 = 4*m + 14, 0 = -5*b - 10. Let q be (2/m*0)/4. Suppose -5*t + q*t + 30 = 0. What is o(t)?
3
Suppose 11*f + 710 = f. Let p = -72 - f. Let b(c) = -c**2 + c + 1. Calculate b(p).
-1
Let b be (-1 + -9)/(6/(3/(-1))). Let n(r) = r**2 - 7*r + 3. Let q(a) = 2*a**2 - 14*a + 6. Let h(x) = b*n(x) - 2*q(x). What is h(7)?
3
Let k = 1 - 4. Let z = k - -6. Suppose z*b + b + 20 = 0. Let v(y) = y**2 + y - 6. What is v(b)?
14
Let f(s) = -2*s**2 - 26*s + 43. Let x(p) = p**2 + 13*p - 22. Let m(w) = 4*f(w) + 7*x(w). What is m(-14)?
4
Let t(r) = r + 2*r - 6 - r. Let y be t(6). Let d(q) be the second derivative of -q**4/12 + 2*q**3/3 + 2*q**2 - 922*q. Determine d(y).
-8
Let j(t) = t**2 - 11*t + 9. Let r(d) = d**2 - 11*d + 9. Let h(k) = 5*j(k) - 4*r(k). Calculate h(11).
9
Let y(p) = -3*p + 3*p + 0*p + 9 - 3*p**2 - 2*p - 7. What is y(-2)?
-6
Let z(c) = 13*c - 1. Let b(m) be the first derivative of m**2 - 11*m + 33. Let p be b(6). What is z(p)?
12
Let z = -829 - -823. Let c(g) = -3*g - 16. Calculate c(z).
2
Let n(v) = v**3 + v**2 + v. Let f(z) = -3*z**3 - 15*z**2 - 13*z + 2. Let s(b) = f(b) + 2*n(b). What is s(-12)?
-10
Let r be ((-12)/(-9))/(2/3). Suppose -r*b - 3*b = 30. Let k(l) = -l + 2. Determine k(b).
8
Suppose 0 = 2*i + 49 - 53. Let f be (1 - i) + -1 + 2. Let o(y) = y**2 - 4 + f - 63*y + 62*y. Give o(4).
8
Let i be (-8)/(-10)*(-46 - -31). Let h(w) = w**2 + 10*w - 1. What is h(i)?
23
Let q(o) = o**3 - 2*o**2 + 2*o - 1. Let b be q(2). Let p(n) be the first derivative of 2*n**3/3 - 4*n - 1030. What is p(b)?
14
Let r(t) = 2*t - 4. Let c be r(3). Let y(p) be the third derivative of -p**4/24 - p**3/6 + p**2. Let i(n) = n + 3. Let b(q) = c*y(q) + i(q). Determine b(-1).
2
Let p(k) = -25*k**2 + 40*k**2 - 16*k**2 - 2*k + 6. Let m be p(-4). Let f(n) = -4*n - 1. Calculate f(m).
7
Let i = -4 - -13. Let x be (-1 - (-6)/i)*-3. Let w(z) = -z**2 + 2*z - 1. Let t(b) = 8*b**2 - 9*b + 5. Let h(r) = t(r) + 5*w(r). Determine h(x).
4
Let n(y) = -25*y**3 + 16*y**3 + 1 + 0*y + 0*y - y**2. Suppose -3*s + 20 = -5*p, 4*s - 5*s = -5*p - 10. Suppose -s*z - 1 = -6. Determine n(z).
-9
Suppose -5 = -h + p, -5*h - 4*p = -3*p - 13. Let u(w) = -5*w + 5*w + h - w. Suppose -n + 9 = -4*t - 15, 5*n = -4*t. Give u(n).
-1
Let t(l) = -3*l. Let c(o) = 6*o**2 - 10*o - 4*o + 8*o + 2 - o**3. Let g be c(5). Give t(g).
9
Let f(d) be the first derivative of -d**4/4 - d**3/3 - d**2/2 + 5*d - 11. Let g be f(0). Let a(h) = -h**3 + 5*h**2 + h + 4. Give a(g).
9
Let i(t) be the first derivative of t**3/3 + 5*t**2/2 - 7*t + 55. Give i(-7).
7
Let v(k) = -29*k + 44. Let g(a) = 11*a - 15. Let m(r) = -8*g(r) - 3*v(r). Give m(-12).
0
Let v(f) be the first derivative of -f**2/2 - 11*f - 22. Suppose t + 15 = -4*t. Let b(m) = -10. Let r(y) = t*v(y) + 4*b(y). What is r(6)?
11
Let h(c) = 5*c**3 + c**2 - c. Let a be h(1). Let v be a/1 - 20/10. Let z(i) = 3*i**2 + v*i - 4 - i + 8*i**2 + 5. Calculate z(-1).
10
Let b(k) = k**3 - 3*k**2 - 7*k + 7. Suppose -2*v - y + 7 = 0, 5*v - 13 = v - 3*y. Give b(v).
-5
Let h(n) = 26*n + 30. Suppose -11 = 5*f - 4*f. Let t(d) = -5*d - 6. Let g(u) = f*t(u) - 2*h(u). What is g(-4)?
-6
Let t(b) = b - 6. Suppose 0 = 3*o - 6*o - 12. Let x(j) = j - 5. Let k(p) = o*t(p) + 3*x(p). Calculate k(8).
1
Let w be -5 + 2 - -5 - -2. Suppose -w*s = -0 + 8. Let r be s/(-11) + 92/(-22). Let t(a) = a**2 + a - 1. Calculate t(r).
11
Let x(s) be the third derivative of -7/6*s**3 + 0*s - 3/8*s**4 + 1/10*s**5 + 0 + 1/120*s**6 - 8*s**2. Suppose 6*r + 16 = -26. Give x(r).
7
Suppose 3 = 12*r - 11*r. Let g be -1*(r + (-2)/(-2)). Let u(o) = -2*o + o**2 - 3*o - o**3 - 8*o**2 + 2*o**2. Calculate u(g).
4
Let m = -3 - -5. Let d(p) be the third derivative of p**4/4 - p**3/2 + 9*p**2. What is d(m)?
9
Let y(t) = -2*t + 2. Suppose 5 = -a + 4. Let d be 2*(8/(-4))/a. Suppose 3*k + 2 = -d. What is y(k)?
6
Let x(h) = 2*h**3 + h**2 + h. Let q(l) = l**3 + 6*l**2 - 6*l + 6. Suppose -4*o + 6*o = -5*s - 14, -5*o = -4*s + 35. Let t be q(o). What is x(t)?
-2
Let r(z) be the third derivative of z**4/12 + 11*z**3/3 + 57*z**2. Calculate r(-12).
-2
Let b(r) = 4 + 0*r**2 - 52*r**3 + 9*r**3 + 26*r**3 + 16*r**3 - 5*r - 6*r**2. What is b(-4)?
-8
Let m(h) be the first derivative of -h**4/4 + 2*h**3 + 7*h**2/2 + h - 9. Let z be m(7). Let o(g) = 3 + 0 - g**2 - z - 3 - 2*g. Calculate o(-3).
-4
Let q(x) = x - 1. Let r be q(-2). Let f(b) = 37*b**2 + 5*b - 7. Let j(s) = 105*s**2 + 15*s - 20. Let z(k) = -17*f(k) + 6*j(k). What is z(r)?
-7
Let d(m) = 2*m - 1. Let t(c) = c**2 - 10*c - 1. Let u(f) = 6*d(f) + t(f). Determine u(0).
-7
Let n be (-5 + 4)/(1/(-2)). Suppose 4 = -2*t - n*t. Let d(c) be the second derivative of 2*c**4/3 + 10*c - 1. Determine d(t).
8
Suppose -5*k + 12 + 8 = 0. Suppose o = 4*n - 2*n + 59, -63 = -o + k*n. Let u(l) = -52 + l + o + l. Give u(-3).
-3
Let m(a) = -7*a - 2. Suppose 125 = -6*s + 89. Calculate m(s).
40
Let n(l) = -5*l**2 + 9*l - 1. Let d(p) = 14*p**2 - 26*p + 4. Suppose -18 = -35*i + 38*i. Let x(u) = i*d(u) - 17*n(u). What is x(-7)?
21
Let b(l) = -2*l - 8. Let t = 0 - -13. Let p(m) = -23 + 4*m - 12*m + t - 22. Let r(c) = 9*b(c) - 2*p(c). Determine r(-6).
4
Let u(q) = -q - 7. Let s = 13 - 14. Let a(y) = -21*y**3 + 2*y + 1. Let c be a(s). Suppose c + 5 = -5*o. Give u(o).
-2
Suppose 646*w - 640*w = 18. Let k(t) = -7*t + 28. Determine k(w).
7
Let d(z) be the third derivative of 12*z**2 + 1/4*z**5 + 1/6*z**3 - 1/24*z**4 